7
In base 14, what is 4 - -3d3?
3d7
In base 6, what is 0 - -22241?
22241
In base 7, what is 2120 - -1?
2121
In base 8, what is -5 + -12076?
-12103
In base 8, what is -5 - 1356?
-1363
In base 16, what is -1d - 3a?
-57
In base 10, what is 1 - 3231?
-3230
In base 11, what is -4 - 22?
-26
In base 7, what is 32 + 20?
52
In base 10, what is -179 + -1?
-180
In base 15, what is -60 + 1b?
-44
In base 9, what is -10 + 17?
7
In base 5, what is -12 + -2?
-14
In base 9, what is 0 - -3850?
3850
In base 7, what is -1 - 60?
-61
In base 4, what is -10 - 300?
-310
In base 13, what is -62 - -24?
-3b
In base 16, what is -2 - 333?
-335
In base 11, what is -105 - 7?
-111
In base 6, what is 3 + 10444?
10451
In base 7, what is 3101 - 1?
3100
In base 6, what is -3052 - -5?
-3043
In base 3, what is -2202122 + -11?
-2202210
In base 10, what is -50 - 36?
-86
In base 9, what is -5 + 26?
21
In base 4, what is 23 - -2000?
2023
In base 14, what is 1 + -11b2?
-11b1
In base 4, what is 11 + 1222?
1233
In base 16, what is -1d - -2a?
d
In base 6, what is 2150 - 2?
2144
In base 9, what is 5 + -3?
2
In base 15, what is 1c6 - -5?
1cb
In base 13, what is -196 - -a?
-189
In base 13, what is -4 - -5?
1
In base 5, what is 132013 - -3?
132021
In base 5, what is -1 - 2?
-3
In base 6, what is 0 - 115?
-115
In base 13, what is 2 + 665?
667
In base 7, what is 13 + -1625?
-1612
In base 14, what is b58 + -4?
b54
In base 14, what is -1bca - 4?
-1bd0
In base 10, what is -88 - 11?
-99
In base 6, what is -130 - 0?
-130
In base 3, what is -1221 - -10?
-1211
In base 3, what is -221 + -120?
-1111
In base 14, what is 4 + -9b?
-97
In base 8, what is -20100 + 3?
-20075
In base 11, what is 86 + 20?
a6
In base 8, what is -100 - 36?
-136
In base 8, what is 4 + -14?
-10
In base 16, what is 22d + 4?
231
In base 14, what is -d - 5?
-14
In base 3, what is -101 + 2211002?
2210201
In base 12, what is -3 + 69?
66
In base 5, what is 201 - 1?
200
In base 11, what is 200 - -4?
204
In base 7, what is -12 + -6464?
-6506
In base 7, what is -1 - 454?
-455
In base 14, what is -4a + -2?
-4c
In base 16, what is 1ec - 6?
1e6
In base 11, what is 496 + 16?
501
In base 2, what is 11101001 + -100?
11100101
In base 12, what is 0 + -4258?
-4258
In base 3, what is -20210 + 100?
-20110
In base 2, what is -111111 - 111010?
-1111001
In base 11, what is -33 - 4?
-37
In base 11, what is 5 - 430?
-426
In base 4, what is 2001 + -112?
1223
In base 2, what is -1000101 + 100010?
-100011
In base 4, what is 321301 - -10?
321311
In base 14, what is -15 + 3?
-12
In base 2, what is -100001100 - 1?
-100001101
In base 2, what is -1010 + 10?
-1000
In base 4, what is -10 + 1021002?
1020332
In base 13, what is -1b + 19?
-2
In base 2, what is 1 + 101000?
101001
In base 13, what is 4c + -1?
4b
In base 15, what is 3 + 31?
34
In base 9, what is -21 + 2?
-18
In base 3, what is -1 - -122101?
122100
In base 5, what is -203303 - 3?
-203311
In base 16, what is 8 + -4?
4
In base 2, what is 10000 - 1001010?
-111010
In base 3, what is -12021 - 10?
-12101
In base 10, what is 15 - -12?
27
In base 9, what is -2 - -4?
2
In base 13, what is 1 + 2340?
2341
In base 3, what is 2 - -2221022?
2221101
In base 8, what is 62 + 204?
266
In base 15, what is -3 - 29?
-2c
In base 4, what is -2 + -10022?
-10030
In base 6, what is -52 + -14?
-110
In base 4, what is 220 + 0?
220
In base 5, what is 401043 + 4?
401102
In base 10, what is -7 - -9?
2
In base 14, what is 257b - 4?
2577
In base 8, what is 7567 - -1?
7570
In base 10, what is -104 - 0?
-104
In base 5, what is -34102 + -1?
-34103
In base 11, what is 2 - 62?
-60
In base 16, what is 2 - 38?
-36
In base 10, what is -20844 + 0?
-20844
In base 16, what is -4 + -2f?
-33
In base 14, what is -250 - 0?
-250
In base 2, what is 0 + 101001?
101001
In base 9, what is 5 - 186?
-181
In base 9, what is -35 - -3?
-32
In base 10, what is 2110 + -3?
2107
In base 8, what is 2 - 2330?
-2326
In base 10, what is 31 + 4?
35
In base 7, what is -2111 - 0?
-2111
In base 12, what is -3 + -25?
-28
In base 15, what is 7 - -3e?
46
In base 16, what is -102 - 4?
-106
In base 14, what is 13 + 5a?
6d
In base 8, what is -6 + 451?
443
In base 7, what is 13512 + -4?
13505
In base 11, what is 269 + 1?
26a
In base 15, what is -5 - 3?
-8
In base 12, what is -b4 + 2?
-b2
In base 14, what is -70 - 21?
-91
In base 4, what is -3 + -1320?
-1323
In base 8, what is -3626 - 5?
-3633
In base 5, what is 3 + 1042?
1100
In base 8, what is 363 - 1?
362
In base 15, what is -20 - -7e?
5e
In base 16, what is 21 + 1?
22
In base 9, what is -2 - 1360?
-1362
In base 12, what is 12 + -4a?
-38
In base 15, what is -8 + 2?
-6
In base 14, what is d + 96?
a5
In base 4, what is 1 - -220?
221
In base 14, what is 1 + -15d?
-15c
In base 4, what is -3 - -1000?
331
In base 2, what is 100 - 11101110110?
-11101110010
In base 16, what is -105 - -6?
-ff
In base 14, what is -2 + -d?
-11
In base 4, what is -23 + 11003?
10320
In base 7, what is 551 + 5?
556
In base 13, what is 20 + -14?
9
In base 16, what is 9d - -29?
c6
In base 4, what is 12 + -2120?
-2102
In base 7, what is -13 - -52?
36
In base 8, what is -257 - -25?
-232
In base 15, what is 5 - 47e?
-479
In base 6, what is -3 + 2141?
2134
In base 13, what is 28 + -4?
24
In base 15, what is -38 - 25?
-5d
In base 14, what is 2 + 1?
3
In base 8, what is 401 + 5?
406
In base 7, what is -15 - -24?
6
In base 5, what is 3314 - -1?
3320
In base 5, what is -33 - -10?
-23
In base 9, what is -1 + 84?
83
In base 4, what is 13 + 102?
121
In base 5, what is -224 - -1000?
221
In base 2, what is 110 + -10000101?
-1111111
In base 6, what is 3 - -23?
30
In base 10, what is -2 - 677?
-679
In base 13, what is -31 + 7?
-27
In base 4, what is -1203 + -1133?
-3002
In base 9, what is -26 + 12?
-14
In base 4, what is -210 - -10010?
3200
In base 7, what is 4 - 41?
-34
In base 4, what is -122 + -13?
-201
In base 8, what is 124 - 76?
26
In base 2, what is 1101 - 10110?
-1001
In base 9, what is 10 - 175?
-165
In base 12, what is 1 + -34?
-33
In base 12, what is 2497 + -2?
2495
In base 8, what is 74 + 4?
100
In base 6, what is -113410 - 4?
-113414
In base 3, what is -1011 + 1?
-1010
In base 2, what is 1110100 - 1?
1110011
In base 8, what is -15 + -653?
-670
In base 13, what is -3 + -180?
-183
In base 3, what is 201212 + 12?
202001
In base 9, what is 18 + -2?
16
In base 12, what is 0 + 4710?
4710
In base 5, what is -214 + -11?
-230
In base 16, what is 3 + -13e?
-13b
In base 15, what is 3 - -6?
9
In base 14, what is -188 + 7?
-181
In base 14, what is -42 - 1?
-43
In base 11, what is 32 - 5?
28
In base 4, what is 32 + 20323?
21021
In base 7, what is -2 + -1320?
-1322
In base 4, what is 1332 - -13?
2011
In base 12, what is -51 - -b?
-42
In base 10, what is 13 - 2?
11
In base 16, what is 16 + -2?
14
In base 8, what is 42 - -3?
45
In base 16, what is -5ae9 + 3?
-5ae6
In base 2, what is 1 + 10001100?
10001101
In base 9, what is -55 + 42?
-13
In base 7, what is 400 + 1?
401
In base 16, what is 4 + 11?
15
In base 8, what is 313 + 10?
323
In base 2, what is -111100 - -110010?
-1010
In base 12, what is 5 - -212?
217
In base 15, what is 7d8 - 4?
7d4
In base 7, what is -115 + -3?
-121
In base 6, what is -2520 - 1?
-2521
In base 12, what is -3 + -184?
-187
In base 4, what is 2 - 1102210?
-1102202
In base 4, what is 2200 + 10?
2210
In base 13, what is -5 + -824?
-829
In base 9, what is 1 + -117?
-116
In base 3, what is 10 + -11122?
-11112
In base 8, what is -251 - 41?
-312
In base 13, what is -1292c + 2?
-1292a
In base 4, what is 2201331 + -1?
2201330
In base 16, what is -16 + 3?
-13
In base 11, what is -1284 + -2?
-1286
In base 13, what is 34c + -3?
349
In base 4, what is 10 + 20020?
20030
In base 7, what is -42 + -152?
-224
In base 10, what is 3 + 241?
244
In base 16, what is 1a7 + 1?
1a8
In base 16, what is -163 + -3?
-166
In base 14, what is -64 + -3d?
-a3
In base 3, what is -10211 - 1001?
-11212
In base 8, what is -4 + 2237?
2233
In base 6, what is 3 - -3105?
3112
In base 8, what is -21047 + 1?
-21046
In base 12, what is -2 + 291?
28b
In base 16, what is 3 + -16?
-13
In base 10, what is 354 + -1?
353
In base 2, what is 100111101010 + 1010?
100111110100
In base 4, what is 10 + 101122?
101132
In base 16, what is -229 + 5?
-224
In base 10, what is -2 + 115?
113
In base 9, what is 6 - -